(o). Calculate the highest common factor of 5 and a.
5
Let a be (-70)/(-20)*2520/49. What is the highest common divisor of a and 90?
90
Suppose 16 - 1 = 5*j. Suppose -j*v + 2 = -v. Suppose 0 = -x - v + 6. Calculate the greatest common factor of x and 40.
5
Let j be (9 - 9)/((-4)/(-2)). Suppose j*q = 3*q. Suppose q = 11*s - 12*s + 5. What is the highest common factor of s and 55?
5
Suppose -4*c - 3*s = -0*c - 198, 0 = c - s - 46. Let n(v) = 14*v - 96. Let p be n(12). Calculate the greatest common factor of p and c.
24
Let m be (45/12)/(11375/5680 - 2). What is the greatest common divisor of m and 20?
20
Let a = -661 - -985. What is the greatest common factor of 243 and a?
81
Suppose -5*f - 4 = -19, 5*g - 12 = -4*f. Suppose 1 = c - g*c. Calculate the greatest common divisor of c and 3.
1
Let y be -2 - ((-7 - 1) + 2). Let z be (-76)/6*(1 - y). Suppose 3762 = -4*k + 9*k + 6*k. What is the greatest common divisor of z and k?
38
Let q = 197 + -161. Calculate the highest common divisor of 27 and q.
9
Suppose f = 4*u - 47, u - 4*u + 54 = 3*f. Calculate the highest common divisor of 416 and u.
13
Let s(m) = 2*m + 8. Let f be s(6). Suppose f + 0 = t. Calculate the highest common factor of t and 10.
10
Let u be ((-7)/(14/(-8)))/1. Let j be -2 + u + 0 - -1. Suppose k = -x + 119, -k - j*x = -x - 119. Calculate the highest common factor of 17 and k.
17
Suppose -4*c + 5*b + 321 = 0, -3*c = -c - b - 165. What is the greatest common factor of 12 and c?
12
Let p(r) = -r**2 + 9*r - 16. Let d be p(5). Let c = -2 + d. Calculate the highest common factor of c and 24.
2
Let g = 66 - -95. Suppose 0 = 2*x - 5*h - 286, g = x - 2*h + 4*h. Calculate the highest common divisor of 17 and x.
17
Suppose -6*p = -11*p - 10, -712 = -2*y - 5*p. What is the highest common factor of 38 and y?
19
Suppose 7 = -5*j - 3, 7*h - 367 = -2*j. Calculate the highest common factor of 477 and h.
53
Let j(u) = -3*u**3 - u**2 - u - 2. Let l = 29 - 31. Let b be j(l). Calculate the highest common factor of 10 and b.
10
Suppose 120*a = 100*a + 1140. Calculate the greatest common divisor of 456 and a.
57
Let k = -31 - -10. Let j be (-7)/k + (-116)/(-3). Let d = -762 - -788. Calculate the highest common factor of d and j.
13
Let g = -242 - -250. Let j be 9/((-36)/(-56)) - -2. Calculate the greatest common divisor of g and j.
8
Let o be (-13 - -17 - (1 + 8)) + 62. What is the highest common divisor of o and 76?
19
Suppose 4*t + z - 19 = 9, 4*z = -3*t + 34. Suppose -i + 5 = -t*i. Let g be (-3 - i/1)/(-2). Calculate the highest common divisor of 3 and g.
1
Suppose -78 = -x + 237. Calculate the highest common divisor of 126 and x.
63
Let w = 159 - 157. Suppose -13 = q - 5*c + 1, 0 = w*c - 6. Calculate the greatest common factor of 23 and q.
1
Let x be ((-20)/(-3))/(2/33). Let y(h) = h**3 + 11*h**2 + 15*h + 17. Let s be y(-9). What is the greatest common divisor of x and s?
22
Let v be 3/(-6) + 0 + (-4053)/(-6). Calculate the greatest common factor of v and 27.
27
Let i be (-4)/(-18) - 20/9. Let v be (12/(-9))/(i/108). Suppose -r + 21 = 13. What is the greatest common divisor of r and v?
8
Let g = -3 + 5. Let h = 13 - -7. Calculate the highest common divisor of g and h.
2
Let h be (-5)/(-3)*22572/95. Calculate the greatest common factor of h and 24.
12
Suppose l + 5*v - 60 = 29, -4*l + 3*v = -356. Let p = l + -62. Calculate the highest common factor of 297 and p.
27
Let c be -9 + (11 - 3) - -5. Suppose 2*a - 42 = -2. What is the greatest common factor of a and c?
4
Suppose -2*l + 62 + 82 = 0. Calculate the highest common divisor of 96 and l.
24
Let a be (-8)/(-6)*(-126)/(-56). Calculate the highest common factor of 48 and a.
3
Let r(v) = 2*v**2 - 21*v + 12. Let n be r(9). Let y be (n/(-25))/((-2)/(-10)). What is the highest common factor of y and 2?
1
Suppose 161 = 4*o - z, 2*o - 5*z = -3*o + 205. Let t = o - -5. What is the greatest common factor of t and 18?
9
Let c = 91 - 55. Let h(y) = y**3 + y**2 - 34*y + 116. Let u be h(4). Calculate the highest common divisor of u and c.
12
Let b = -2065 - -2125. Let x = 63 - 43. What is the highest common divisor of x and b?
20
Suppose 0 + 10 = a. Let i = 21 - a. Calculate the greatest common divisor of i and 121.
11
Suppose -3*v = -w - 878, 5*v = -21*w + 24*w + 1458. What is the highest common factor of v and 54?
6
Let o(q) = -179*q - 52. Let r be o(-2). What is the highest common divisor of r and 17?
17
Let l be (4/6)/(1/162). Let g be -8*(-10)/(-4)*(-12)/20. Calculate the highest common factor of g and l.
12
Let u(x) = x**3 + 8*x**2 - 3*x - 4. Suppose 0*d + d + t = -4, -3*d - 9 = 4*t. Let q be u(d). Let g = q - 45. What is the highest common divisor of 7 and g?
7
Let b(p) = -10 + 3*p - 13 + 2. Let h be b(11). What is the greatest common factor of h and 6?
6
Let z(g) = -g**2 + 15*g - 3. Let u be z(13). What is the greatest common factor of u and 46?
23
Let y(g) = 3 - g + 5 - 7 - g**2 + 12*g**3. Let v be y(1). Let k be 21*1*(v - 6). What is the highest common divisor of 15 and k?
15
Let c be ((-33)/(-12))/((-4)/(-32)). Let g = -19 + c. Suppose 0*r = 2*r + 5*u - 354, 541 = g*r + 5*u. Calculate the greatest common divisor of 17 and r.
17
Suppose -1248 = 100*k - 124*k. What is the greatest common factor of 10 and k?
2
Let n(t) = t**2 - 7*t. Let b be n(5). Let l = 17 + b. Suppose 5*f - 18 - l = 0. What is the highest common factor of f and 35?
5
Suppose 113*b = 78857 + 3068. Calculate the greatest common divisor of b and 25.
25
Suppose 48 = 3*y + 3*l, -y + 0*y + 5*l = -46. Let z = 1720 - 1706. Calculate the highest common factor of y and z.
7
Let g(a) be the first derivative of 3*a**4/4 - 2*a**3/3 - 4*a**2 - 2*a + 4. Let v be g(4). What is the highest common divisor of v and 21?
21
Let i be (-3 - 4) + ((-2)/(-2) - -46). Let b(o) = 4*o**2 - o - 2. Let l be b(-2). What is the highest common factor of l and i?
8
Let n(l) = 59*l + 523. Let f be n(-7). Calculate the greatest common factor of 374 and f.
22
Let i(c) = -6*c - 2. Let s be i(-5). Suppose w - 76 = -2*q, -w + 3*q = 7*q - 68. What is the greatest common divisor of s and w?
28
Suppose 4*r - 4172 = 4*j, 24*r = 28*r + j - 4182. Calculate the highest common factor of 55 and r.
55
Let t = 39 + -39. Suppose -c + 5 = -2*d, c + 4*d = -t*c + 17. Let l be (1 - -5)*6/4. What is the highest common divisor of l and c?
9
Let p(a) be the first derivative of -a**3/3 + 15*a**2/2 + 8*a - 15. Let x be p(11). Let k be 80 + -1*(-2)/(-1). Calculate the highest common divisor of x and k.
26
Suppose 0 = -u - 12*j + 100, 3*u - 4*u = -2*j - 142. Suppose 0 = -2*i + i + 34. Calculate the greatest common divisor of u and i.
34
Suppose 0 = -0*y - y - 2. Let w = y - -15. What is the highest common divisor of w and 13?
13
Let v be (70/(-6)*-2)/(4/66). Suppose 4*p = -868 - 224. Let q = p + v. Calculate the highest common factor of 16 and q.
16
Let f(j) = -4*j**3 - 4*j**2 - j - 6. Let o be f(-3). Calculate the highest common divisor of o and 391.
23
Let p(x) = -x**3 + x**2 + 7*x - 32. Let i be p(-9). Calculate the highest common divisor of 65 and i.
65
Let p be (-28)/14 - 112/(-1). Calculate the greatest common divisor of p and 2.
2
Let a = 30 - 14. Let d = -11 + a. Suppose o = 4*u + d + 23, 140 = 5*o - 3*u. Calculate the highest common factor of o and 42.
14
Let l(s) = -14*s - 24. Let k be l(-8). Suppose 2*y = 3*g - k, g + y = 27 + 4. What is the highest common divisor of 6 and g?
6
Suppose -2*g + 4*g - 2*t - 466 = 0, -2*g + 5*t = -475. What is the greatest common factor of g and 92?
46
Suppose -3*u = -4*u + r + 1464, 3*r - 7360 = -5*u. What is the highest common factor of 13 and u?
13
Let s(o) = -o**3 + 7*o**2 + o + 10. Let u be s(7). Let m(v) = 14*v**3 + 2*v**2 - 4*v + 7. Let j be m(2). Calculate the greatest common divisor of u and j.
17
Suppose 0 = 5*i - 10, 5*b + i = 317 + 760. Calculate the greatest common divisor of b and 43.
43
Let l = -24 + 29. Suppose 0 = -4*t + 5*n + 140, -l*n + 0*n + 60 = t. Calculate the highest common factor of 10 and t.
10
Let q(j) = -j**3 - 3*j**2 - 2*j. Let m be q(-2). Let r be 3/(m - (-1)/2). Calculate the greatest common divisor of r and 30.
6
Suppose -z = 3*f + 46, 2*f + 2*f + 16 = 0. Let w = 111 + z. Let h(l) = 11*l**2 + l + 1. Let m be h(-1). Calculate the greatest common divisor of m and w.
11
Suppos